4771 prime?
False
Is 469453 a composite number?
True
Is 288191 a composite number?
False
Is 23099 prime?
True
Is 18589 a composite number?
True
Is 158801 a prime number?
False
Is 3377 composite?
True
Is 18489 prime?
False
Is 409157 a composite number?
True
Is 72533 composite?
False
Is 33339 prime?
False
Is 1399 a composite number?
False
Is 88745 composite?
True
Is 31435 composite?
True
Is 12611 a composite number?
False
Is 120157 prime?
True
Is 12134 prime?
False
Is 720674 composite?
True
Is 1594951 composite?
False
Is 101107 a prime number?
True
Is 29489 a prime number?
False
Is 23971 prime?
True
Is 102797 prime?
True
Is 2624357 a prime number?
True
Is 47247 a composite number?
True
Is 25301 a prime number?
True
Is 53591 composite?
False
Is 12659 a prime number?
True
Is 1522349 prime?
False
Is 89149 prime?
False
Is 144641 a prime number?
False
Is 12671 prime?
True
Is 7179 a prime number?
False
Is 1889 prime?
True
Is 5951 prime?
False
Is 1002923 prime?
False
Is 19373 composite?
False
Is 36187 a composite number?
False
Is 40643 a composite number?
True
Is 5663 a composite number?
True
Is 250489 a prime number?
True
Is 15927 prime?
False
Is 3647 prime?
False
Is 2831 a composite number?
True
Is 92653 composite?
True
Is 117295 composite?
True
Is 1478017 a composite number?
False
Is 20477 prime?
True
Is 109553 a prime number?
False
Is 81197 prime?
True
Is 487973 a composite number?
False
Is 12439 a composite number?
True
Is 5599 a composite number?
True
Is 1202438 a prime number?
False
Is 3845 a composite number?
True
Is 83023 composite?
False
Is 2219 prime?
False
Is 710777 prime?
True
Is 4907 a composite number?
True
Is 717949 composite?
True
Is 132247 composite?
False
Is 245797 composite?
True
Is 46381 a prime number?
True
Is 52759 a composite number?
True
Is 10133 a prime number?
True
Is 50177 a prime number?
True
Is 4667 a composite number?
True
Is 133135 a composite number?
True
Is 528459 a prime number?
False
Is 17147 a composite number?
True
Is 310559 prime?
True
Is 2906899 a composite number?
True
Is 554377 a prime number?
True
Is 10847 a composite number?
False
Is 4547 a composite number?
False
Is 684809 a prime number?
True
Is 26443 prime?
False
Is 27173 composite?
True
Is 742241 composite?
False
Is 4741 a prime number?
False
Is 673769 a prime number?
True
Is 748445 composite?
True
Is 2899 a prime number?
False
Is 1994 prime?
False
Is 113081 prime?
True
Is 6779 a composite number?
False
Is 293 a composite number?
False
Is 641719 prime?
False
Is 200426 composite?
True
Is 15877 prime?
True
Is 5779 composite?
False
Is 5820131 a prime number?
True
Is 2987 a prime number?
False
Is 89839 composite?
False
Is 43019 a composite number?
False
Is 6901 composite?
True
Is 129553 composite?
False
Is 12554 prime?
False
Is 40195 composite?
True
Is 9197 a prime number?
False
Is 49055 a composite number?
True
Is 24891 composite?
True
Is 3490099 composite?
True
Is 52919 a prime number?
True
Is 65077 a prime number?
False
Is 1835599 a composite number?
True
Is 230449 a prime number?
True
Is 111187 a composite number?
False
Is 249943 prime?
True
Is 315019 composite?
True
Is 31177 prime?
True
Is 28807 a prime number?
True
Is 986333 prime?
True
Is 104771 prime?
False
Is 20789 composite?
False
Is 64513 a prime number?
True
Is 41681 a composite number?
False
Is 59579 prime?
False
Is 150781 prime?
False
Is 413629 a composite number?
False
Is 7607 prime?
True
Is 186149 composite?
False
Is 55949 composite?
False
Is 160999 a prime number?
False
Is 237137 prime?
True
Is 33403 a composite number?
False
Is 1171823 prime?
True
Is 50326 prime?
False
Is 34073 composite?
True
Is 47714 a prime number?
False
Is 357206 composite?
True
Is 601729 composite?
True
Is 419 composite?
False
Is 48953 composite?
False
Is 28387 a composite number?
False
Is 178355 prime?
False
Is 194581 prime?
True
Is 1931 prime?
True
Is 426997 a prime number?
True
Is 60209 composite?
False
Is 1191373 a prime number?
True
Is 41423 a prime number?
False
Is 201329 composite?
False
Is 1529501 a composite number?
False
Is 81211 composite?
True
Is 30863 a prime number?
False
Is 37039 a composite number?
False
Is 11257 a prime number?
True
Is 26889 a composite number?
True
Is 75853 prime?
True
Is 45511 a composite number?
True
Is 1269419 a composite number?
True
Is 31367 composite?
True
Is 763777 a composite number?
True
Is 1539085 prime?
False
Is 10651 a composite number?
False
Is 23719 a composite number?
False
Is 56779 a prime number?
True
Is 1721 composite?
False
Is 151019 prime?
False
Is 130729 a composite number?
False
Is 22501 prime?
True
Is 39499 prime?
True
Is 20738 a prime number?
False
Is 10862 composite?
True
Is 31219 a prime number?
True
Is 31019 prime?
True
Is 104459 prime?
True
Is 252139 prime?
True
Is 63267 prime?
False
Is 6287 composite?
False
Is 37487 prime?
False
Is 134129 a prime number?
True
Is 928547 prime?
True
Is 4861 a prime number?
True
Is 1499 composite?
False
Is 160441 a prime number?
True
Is 32257 a composite number?
False
Is 27419 a prime number?
False
Is 79889 composite?
False
Is 522239 a composite number?
False
Is 56081 composite?
False
Is 1385 a composite number?
True
Is 1258847 a prime number?
True
Is 1395931 a composite number?
True
Is 5669 a composite number?
False
Is 361 a prime number?
False
Is 31357 a composite number?
False
Is 2939 composite?
False
Is 6674017 a composite number?
True
Is 11945 composite?
True
Is 251373 prime?
False
Is 119299 a composite number?
False
Is 277757 a prime number?
True
Is 12301 a composite number?
False
Is 64513 prime?
True
Is 8497 a composite number?
True
Is 322319 prime?
True
Is 43451 prime?
True
Is 309193 a composite number?
False
Is 1339381 a composite number?
False
Is 3581 prime?
True
Is 238897 a prime number?
True
Is 11566 a composite number?
True
Is 1352047 a prime number?
False
Is 319613 prime?
False
Is 20626 a composite number?
True
Is 3785 a composite number?
True
Is 3281 a prime number?
False
Is 1069 prime?
True
Is 109999 composite?
True
Is 18839 a prime number?
True
Is 386654 composite?
True
Is 106181 a composite number?
False
Is 17669 composite?
False
Is 1693 prime?
True
Is 3217741 a prime number?
True
Is 37217 composite?
False
Is 11846 prime?
False
Is 14689 a prime number?
False
Is 2174695 composite?
True
Is 234469 composite?
True
Is 79757 composite?
False
Is 1411541 a prime number?
True
Is 2594 composite?
True
Is 47189 prime?
True
Is 111997 a composite number?
False
Is 856969 a composite number?
False
Is 59477 composite?
True
Is 611 a prime number?
False
Is 39583 prime?
False
Is 2309 a prime number?
True
Is 57899 prime?
True
Is 264199 a prime number?
False
Is 315671 a composite number?
False
Is 34211 a prime number?
True
Is 37067 prime?
False
Is 1353113 a composite number?
True
Is 1039537 a prime number?
True
Is 1883771 a prime number?
False
Is 292954 a prime number?
False
Is 916438 prime?
False
Is 1290109 composite?
False
Is 83397 prime?
False
Is 55987 prime?
True
Is 128071 prime?
False
Is 943253 prime?
False
Is 2402 a composite number?
True
Is 286513 a prime number?
True
Is 1115 composite?
True
Is 36827 a prime number?
False
Is 153579 a composite number?
True
Is 841 a composite number?
True
Is 66835 prime?
False
Is 16181 a prime number?
False
Is 33563 prime?
True
Is 4111 a composite number?
False
Is 865 prime?
False
Is 1171 prime?
True
Is 61993 a prime number?
False
Is 2173 composite?
True
Is 154787 a composite number?
False
Is 641 prime?
True
Is 142271 composite?
False
Is 277 a composite number?
False
Is 7723 a composite number?
False
Is 60007 a prime number?
False
Is 61718 a composite number?
True
Is 69871 prime?
False
Is 73379 composite?
False
Is 48851 a composite number?
True
Is 32401 prime?
True
Is 152089 prime?
False
Is 29366 a prime number?
False
Is 70502 composite?
True
Is 179513 composite?
True
Is 1203737 composite?
True
Is 54633 a composite number?
True
Is 63997 a composite number?
False
Is 11113 composite?
False
Is 607143 a prime number?
False
Is 2171 a prime number?
False
Is 374111 a prime number?
True
Is 6911 a composite number?
False
Is 64718 composite?
True
Is 62513 a composite number?
True
Is 67117 prime?
False
Is 4811 composite?
True
Is 6247 prime?
True
Is 2073 composite?
True
Is 57871 prime?
False
Is 163